Let n(u) = -181*u + 9. Is n(t) a prime number?
True
Suppose 10*y = 13*y - 44097. Is y prime?
True
Let m(x) = 12*x**2 - 6*x - 5. Let s(q) be the third derivative of q**6/120 - 11*q**5/60 + q**4/24 - 5*q**3/2 + 2*q**2. Let w be s(11). Is m(w) a prime number?
True
Let d be (6 + -4)*(-9)/(-6). Let t be 1/(-4) + 16730/8. Suppose j = 5*u - t, 4*j + 1200 + 41 = d*u. Is u composite?
False
Let g(t) = 2*t**2 - 42*t + 830. Is g(47) prime?
False
Suppose 14*o = -28579 + 116009. Is o a prime number?
False
Let j be (-3 - -6 - 0) + 12. Is (2/(-4))/(j/(-1590)) prime?
True
Suppose -11*w + z - 22260 = -16*w, 3*z = -15. Is w a composite number?
True
Let c = -1 - -9. Suppose 2*u - c = -4*q - 2*u, 4*u - 5 = -5*q. Is (4 - q/(-1))*111 a composite number?
True
Let q = -18 + 25. Let t be (6 - q)/(2/(-3158)). Suppose 5*h + w - 1599 = 0, 2*h + 3*h - 4*w - t = 0. Is h prime?
False
Let i(f) = -5 - 2*f**2 + 11*f + 5*f**2 + 3*f**2. Is i(-4) a prime number?
True
Suppose -o + 4*o = 12. Suppose -o*k = 3*w - 0 + 1, -4*w - k = -16. Suppose 0 = w*y + 2*s - 1677, -4*s - 279 - 52 = -y. Is y a composite number?
True
Suppose 6*b + 50404 = 11*b - r, -2*r + 30245 = 3*b. Is b composite?
True
Suppose 0 = 2*v - 2*s - 2 - 12, 0 = -3*v - s + 21. Suppose v*h - 4*h + 87 = 0. Let r = h + 80. Is r composite?
True
Suppose -3*x + 10 = 2*x. Let h(p) = -x*p**3 - 3 - 2*p - 44*p**2 + 3*p**3 + 47*p**2. Is h(6) a composite number?
True
Suppose 0 = 4*h - 3*d + 274, -h = -0*h - 2*d + 66. Let l = 200 - 307. Let k = h - l. Is k prime?
True
Let n(t) = t**2 - 7*t. Let u be n(8). Let a(h) = 3*h**2 + 3*h - 5. Is a(u) composite?
False
Let x(n) = 438*n - 1. Let v be x(-4). Let a(l) = -6*l**3 + 17*l + 14. Let k be a(6). Let u = k - v. Is u prime?
False
Suppose -2*b - 6 = -5*b. Is b/(-8) + 740/16 composite?
True
Suppose b + 12*b = -40118. Is (10/4 - (-6 + 9))*b a composite number?
False
Let h(b) = 4*b + 78. Let t be h(-19). Let z be (2 - 1)*4*17. Suppose -t*n = -96 - z. Is n a prime number?
False
Let x(f) = -3139*f + 394. Is x(-19) a prime number?
False
Let m be 8 + (-9)/(3/1). Let h be (2/4)/(m/670). Suppose 0 = -u + h + 64. Is u composite?
False
Let m(u) = u**3 - 6*u**2 + u + 1. Let k be m(4). Let h = 26 + k. Is (2 + 1 - -77) + h a prime number?
True
Suppose h + 25 - 570 = 0. Suppose 6*d = d + h. Is d composite?
False
Let v(i) = -123*i - 11. Let n be v(-8). Suppose 5*f = 3*r - n, 965 = 3*r - 4*f + 3*f. Suppose 4*o - r = 35. Is o a composite number?
False
Let j = -3092 - -5295. Is j composite?
False
Let l be 904/(2 - 0) - -1. Let z = 135 - 259. Let a = l + z. Is a composite?
True
Let f(k) = 12*k - 5. Let r be f(1). Suppose -r*y + 2113 = -750. Is y composite?
False
Suppose 8*i - 3*i + 3*g - 39 = 0, g = i - 3. Suppose -i*r + 1014 = -0*r. Is r prime?
False
Let l(t) = 3 + 4*t - 17*t + 10*t. Let c be l(7). Is (-6)/9 + (-2946)/c composite?
False
Let d be (-6)/(-18)*(-2 - -14). Let s = d - 8. Is (-6370)/(-50) - s/(-10) prime?
True
Suppose -2*u + 3 = -5. Suppose 4*g - 1444 = -4*a, u*a + 366 = g - 0*g. Is g a prime number?
False
Suppose -46*z + 51*z - 24145 = 0. Is z a prime number?
False
Is ((-843)/9)/(23/(-6693)) a prime number?
False
Let g = -6592 - -9363. Suppose 0 = 4*m + 183 - g. Is m prime?
True
Let i(q) = 115*q**2 - 11*q + 13. Is i(-9) composite?
True
Let a(c) = 74*c + 783. Is a(10) a composite number?
False
Suppose 11*a = 9*a + 142. Let g = a + -12. Is g prime?
True
Let q = 680 - 1647. Let l = -264 - q. Is l a prime number?
False
Let i be 3406/22 + (-4)/(-22). Let w = 278 - i. Is w a prime number?
False
Suppose -227261 = -42*p + 85765. Is p prime?
False
Let l(v) = v**3 - 9*v**2 + 9*v - 5. Let d be l(8). Is (-10)/(2/(-123)*d) composite?
True
Suppose 3*x - 4*z - 421908 = -9*z, 0 = -3*x - 4*z + 421911. Is (-2)/(-5) - x/(-85) prime?
False
Let t = -37 - 40. Let p = 154 + t. Is p prime?
False
Suppose 8*x + 129 = -815. Let q = x + 171. Is q a composite number?
False
Suppose 3*f - 2*n - 2*n = -2, -5*f = 4*n + 46. Let j = f - -4. Is 565/10*j/(-1) composite?
False
Suppose 0 = -4*n - 2*o + 404, 0*n + n + o - 100 = 0. Suppose -2321 - 1715 = -4*h - 2*z, -3*h = -3*z - 3027. Let a = h - n. Is a composite?
False
Let t be 9*(-3 + (-33)/(-9)). Let b be -1*t*4/(-6). Suppose 81 = -b*m + 377. Is m prime?
False
Let d = -257258 + 367377. Is d a composite number?
False
Let o be 2/(-2)*5*-3. Suppose 3*s = o + 135. Suppose -4*f = -506 - s. Is f composite?
False
Let w(p) = -13*p**2 - 1. Let b(d) = 7*d**2 + 1. Let t(r) = 5*b(r) + 3*w(r). Let f be t(4). Is f/(-6) + (-2)/(-3) composite?
False
Suppose -4*f + 876 = w, -5*f = 2*w - 1696 + 604. Suppose -2*m = -5*t - f, 3*m - 4*t = 132 + 198. Let g = m + -57. Is g prime?
True
Let s = 49586 - 14437. Is s composite?
False
Let j be (0/(4 + -2))/2. Suppose j = -w + 4*z + 167, z - 174 = -w - 2*z. Suppose 0*c = 3*c - w. Is c a composite number?
True
Let p be ((-6 - 0) + 6)/(-1 + 2). Suppose 11*a - 3*a - 3928 = p. Is a a prime number?
True
Let g(d) = -4*d + 5. Let w(m) = -m + 14. Let b be w(10). Let f be g(b). Let y = f - -58. Is y a composite number?
False
Let s be ((-2)/4)/(9/131238). Let j = s - -10212. Is j a prime number?
False
Let h(l) = -8*l**2 + l + 5. Let f(t) = -t + 1. Let z(r) = 2*f(r) - h(r). Let k = 3 + -5. Is z(k) a composite number?
True
Is 13/((-52)/(-147412)) - -4 a composite number?
False
Let q = 2906 - -1285. Let i = -2485 + q. Is i composite?
True
Is (6 - -40047) + (24 - 35) a prime number?
False
Is (-9 - -3 - -7)/((-1)/(-355)) prime?
False
Let f = -10664 + 18173. Is f prime?
False
Let r = -16 - -21. Suppose 116 - 8 = -4*x - 2*f, -135 = 5*x - r*f. Let b = x + 160. Is b composite?
True
Let l(s) = -6*s**2 - 5*s + 19105. Is l(0) composite?
True
Let f be -8*-1*628 + 0. Suppose -3*w + 747 = -3*d + 3765, 5*d = 2*w + f. Suppose -4*q = -0*q - d. Is q a composite number?
False
Suppose -4*w + 20 = -68. Let v = 10 - w. Is 3/v + 699/12 a prime number?
False
Let c(j) = 31988*j**2 - 5*j - 4. Is c(-1) a composite number?
True
Let x(g) = 13*g**2 + 1 + 0 - 3*g + g**2 - 3. Let z be x(-4). Suppose -t = -3*f - z, 3*f = -4*t + 6*f + 891. Is t prime?
False
Suppose c = 2*c - 1. Let w(l) = 1397*l + 2. Is w(c) a composite number?
False
Let r(l) = 8*l - 4. Let d be r(-7). Let z = d - -283. Is z a composite number?
False
Let a = -37 - -415. Let p be 1*(476/(-4) - 2). Let t = a + p. Is t a composite number?
False
Suppose -66*p - 12356 = -70*p. Is p a prime number?
True
Suppose -28 = -4*j + 5*b, 2*j + 2*b + 2 = -2. Suppose 147 = p - 59. Suppose -f = j*f + 9, -i - f = -p. Is i a prime number?
False
Suppose -128989 = -4*f + 5*q, 5*f + 151*q - 161249 = 153*q. Is f a prime number?
True
Let k be (-1 + 1)/(4 - 3). Suppose -5*m = 2*u - 3665, 5*m - 2*u - 3*u - 3665 = k. Is m prime?
True
Let o be ((-3093)/6)/(2/4). Is 1/((-1)/o - 0) a composite number?
False
Let b(v) = v**2 - v + 63. Suppose -4*x = -10*x. Let r be b(x). Let c = r - -14. Is c a prime number?
False
Let s(o) = -317*o + 17. Let z be s(-7). Is 8/24 + z/6 composite?
False
Suppose 1056 = 5*h + 36. Suppose -d - h = -3*d. Suppose -5*m + 0*a = a - 414, m + 5*a = d. Is m a prime number?
False
Suppose 6 + 2 = 2*c. Let k(z) = 3*z**2 + 3*z + 3. Let y be k(c). Let f = -20 + y. Is f a composite number?
False
Let o(h) = 121*h**3 + 7*h**2 - 13*h + 8. Is o(3) prime?
True
Suppose -19228 = -19*f + 56259. Is f composite?
True
Suppose 0 = -z + 62 + 61. Suppose 6328 = 5*r + z. Is r a prime number?
False
Let n(u) = -2*u**3 - 4*u**2 - 6*u - 2. Let k be n(-4). Let j = 134 + -130. Suppose 2*d + k = 2*c - d, c = -j*d + 21. Is c prime?
True
Let x be -15 + (1/3 - (-32)/12). Let o(z) = z + 11. Let j be o(0). Let d = j - x. Is d a composite number?
False
Suppose -53*m = -49*m - 44. Suppose -1594 - 507 = -m*z. Is z composite?
False
Suppose 0 = -2*y + t - 2*t - 121, 4*y + 4*t + 236 = 0. Suppose -s + 450 = 4*c, c + 2*c = 3*s + 345. Let r = c + y. Is r a composite number?
True
Let s(l) = 15*l**2 - 11*l + 11. Suppose -51 = -7*y - 16. Is s(y) a prime number?
True
Let v(j) = 0 + 4*j + 11*j - 2. Let d be v(3). Is 2*d + (-21)/7 a composite number?
False
Suppose 0*t = 6*t - 24. Suppose -4*w - 58 = -2*l + w, 0 = 3*l + t*w - 87. Suppose -47 = -4*y + l. Is y a composite number?
False
Is 0 + 0 - (-1)/3*50637 prime?
True
Suppose -5*q = -s + 464, -3*s + 1492 = 23*q - 18*q. Is s composite?
True
Let p